{"id":1597,"date":"2017-11-28T11:41:31","date_gmt":"2017-11-28T10:41:31","guid":{"rendered":"http:\/\/pzvitaz.kkweb.sk\/?page_id=1597"},"modified":"2017-11-28T11:43:31","modified_gmt":"2017-11-28T10:43:31","slug":"historia-pz-vitaz-a-ulovky-na-fotografii","status":"publish","type":"page","link":"https:\/\/pzvitaz.kkweb.sk\/?page_id=1597","title":{"rendered":"Hist\u00f3ria PZ V\u00ed\u0165az a \u00falovky na fotografii."},"content":{"rendered":"<p><img loading=\"lazy\" decoding=\"async\" class=\"alignnone size-medium wp-image-1595\" src=\"http:\/\/pzvitaz.kkweb.sk\/wp-content\/uploads\/2017\/11\/zraz-na-s\u00fa\u010dinnos\u0165-so-ZNB-proti-pytliakom-1-300x220.jpg\" alt=\"\" width=\"300\" height=\"220\" srcset=\"https:\/\/pzvitaz.kkweb.sk\/wp-content\/uploads\/2017\/11\/zraz-na-s\u00fa\u010dinnos\u0165-so-ZNB-proti-pytliakom-1-300x220.jpg 300w, https:\/\/pzvitaz.kkweb.sk\/wp-content\/uploads\/2017\/11\/zraz-na-s\u00fa\u010dinnos\u0165-so-ZNB-proti-pytliakom-1-768x564.jpg 768w, https:\/\/pzvitaz.kkweb.sk\/wp-content\/uploads\/2017\/11\/zraz-na-s\u00fa\u010dinnos\u0165-so-ZNB-proti-pytliakom-1.jpg 984w\" sizes=\"auto, (max-width: 300px) 100vw, 300px\" \/><\/p>\n","protected":false},"excerpt":{"rendered":"","protected":false},"author":3,"featured_media":1271,"parent":0,"menu_order":0,"comment_status":"closed","ping_status":"closed","template":"","meta":{"footnotes":""},"class_list":["post-1597","page","type-page","status-publish","has-post-thumbnail","hentry"],"_links":{"self":[{"href":"https:\/\/pzvitaz.kkweb.sk\/index.php?rest_route=\/wp\/v2\/pages\/1597","targetHints":{"allow":["GET"]}}],"collection":[{"href":"https:\/\/pzvitaz.kkweb.sk\/index.php?rest_route=\/wp\/v2\/pages"}],"about":[{"href":"https:\/\/pzvitaz.kkweb.sk\/index.php?rest_route=\/wp\/v2\/types\/page"}],"author":[{"embeddable":true,"href":"https:\/\/pzvitaz.kkweb.sk\/index.php?rest_route=\/wp\/v2\/users\/3"}],"replies":[{"embeddable":true,"href":"https:\/\/pzvitaz.kkweb.sk\/index.php?rest_route=%2Fwp%2Fv2%2Fcomments&post=1597"}],"version-history":[{"count":3,"href":"https:\/\/pzvitaz.kkweb.sk\/index.php?rest_route=\/wp\/v2\/pages\/1597\/revisions"}],"predecessor-version":[{"id":2519,"href":"https:\/\/pzvitaz.kkweb.sk\/index.php?rest_route=\/wp\/v2\/pages\/1597\/revisions\/2519"}],"wp:featuredmedia":[{"embeddable":true,"href":"https:\/\/pzvitaz.kkweb.sk\/index.php?rest_route=\/wp\/v2\/media\/1271"}],"wp:attachment":[{"href":"https:\/\/pzvitaz.kkweb.sk\/index.php?rest_route=%2Fwp%2Fv2%2Fmedia&parent=1597"}],"curies":[{"name":"wp","href":"https:\/\/api.w.org\/{rel}","templated":true}]}}